 - 753a2?
-754ba
In base 16, what is -5605e12 - 1?
-5605e13
In base 3, what is -2 - -100112021100201022?
100112021100201020
In base 12, what is 3b80b1a - -1b?
3b80b39
In base 6, what is 22404142400 + 1?
22404142401
In base 4, what is -1233220203132 + -1?
-1233220203133
In base 4, what is 201220 - 133223301?
-133022021
In base 16, what is -50e4c1 - 29?
-50e4ea
In base 13, what is -76830 + 106?
-76727
In base 15, what is 1918d67 - -2?
1918d69
In base 2, what is -1010111101101011000 - -100?
-1010111101101010100
In base 13, what is 7c5c + 4a14?
c973
In base 13, what is -12 - 59aa44?
-59aa56
In base 16, what is 31a - -306b4?
309ce
In base 15, what is -c2 - 1966ca?
-19679c
In base 11, what is 4628aa - 25?
462885
In base 13, what is -12294c8 - 77?
-1229572
In base 15, what is 2204aab + -5?
2204aa6
In base 14, what is -2d5 - -582?
28b
In base 8, what is 0 - 11452624?
-11452624
In base 15, what is -55a3 - -77d?
-4d25
In base 3, what is -20 - -21211222111001001?
21211222111000211
In base 13, what is -3552 + -a7a?
-42cc
In base 4, what is 10 + 12300311013120?
12300311013130
In base 16, what is 831 - -d4e3?
dd14
In base 14, what is -732a57 + -1?
-732a58
In base 13, what is 13b - 12006?
-11b98
In base 7, what is -4626 - -24301?
16342
In base 15, what is 7 + 1818c9?
1818d1
In base 13, what is -5069 + -ab?
-5147
In base 13, what is -b64 + -2103?
-2c67
In base 12, what is 23b847a - 1?
23b8479
In base 16, what is -6 - -15c4f?
15c49
In base 6, what is 253 + -2213340?
-2213043
In base 5, what is -24431042 - -1341?
-24424201
In base 5, what is -10 + 1021303014422?
1021303014412
In base 3, what is 120110 + 120001022?
120121202
In base 15, what is -52a065 - -3?
-52a062
In base 15, what is 1123e + 18?
11257
In base 14, what is -25d - 38?
-297
In base 16, what is -24921 + 51?
-248d0
In base 3, what is 111110010212220 - 201?
111110010212012
In base 16, what is -4 + 3ba367?
3ba363
In base 16, what is b441 - -38f?
b7d0
In base 14, what is -4 + -c29abac?
-c29abb2
In base 14, what is 98 + a285dd?
a28697
In base 13, what is 2 + 39040a1?
39040a3
In base 6, what is 35354 - -103520?
143314
In base 9, what is -278583 + 105?
-278477
In base 6, what is -1 + 454150433?
454150432
In base 7, what is -5101 + 4323330?
4315226
In base 2, what is 1001100 - 10000010001100111111000?
-10000010001100110101100
In base 15, what is -6600 + 142?
-64ad
In base 15, what is 12b - 31dc?
-30b1
In base 16, what is -1 - -427b2f?
427b2e
In base 15, what is -3b8468 + -3?
-3b846b
In base 10, what is 139 + 1026652?
1026791
In base 16, what is 2274a + -bf4?
21b56
In base 8, what is -3111 - -16021?
12710
In base 5, what is -1 - -1000432313?
1000432312
In base 6, what is 22212451 - -22?
22212513
In base 16, what is 3a513 - -19?
3a52c
In base 11, what is a26 + 22119?
23044
In base 5, what is 132413 - -143231?
331144
In base 10, what is 87509 - -4444?
91953
In base 16, what is 2bd3d + 9?
2bd46
In base 4, what is 122222210223 - 20?
122222210203
In base 10, what is -60972 - -155?
-60817
In base 12, what is 38 - 1211b1?
-121175
In base 9, what is 280868 - 0?
280868
In base 9, what is -4811820 + -321?
-4812241
In base 16, what is -45df + -26f?
-484e
In base 6, what is -10333345 - -2?
-10333343
In base 6, what is -124415 - 311433?
-440252
In base 6, what is 15025041 + 10?
15025051
In base 10, what is 1537272849 - -5?
1537272854
In base 6, what is 101410 + 1220?
103030
In base 8, what is 564374 + -11132?
553242
In base 12, what is -823b - 328?
-8567
In base 4, what is 2110012 + 20022?
2130100
In base 6, what is 5 - 4025513410?
-4025513401
In base 4, what is -301221 - -1003223?
102002
In base 10, what is 7420 - 11951?
-4531
In base 5, what is -11130 - 221422122?
-221433302
In base 6, what is 245 - -1425022?
1425311
In base 12, what is 55a - -303a2?
30940
In base 2, what is 1100100000001 + 10111110011?
1111011110100
In base 10, what is 2172831 + -4?
2172827
In base 3, what is -2111200012200 - 12?
-2111200012212
In base 14, what is 1139 - 18d7?
-79c
In base 7, what is 5 + 16054404?
16054412
In base 9, what is -660 + 1226?
456
In base 6, what is -54220341 - -251?
-54220050
In base 14, what is a - -1068cc8?
1068cd4
In base 9, what is 2843 - 55866?
-53023
In base 10, what is 2971809 + -1?
2971808
In base 12, what is 89829 + 55?
89882
In base 6, what is 1020 + -211340124?
-211335104
In base 10, what is 153374817 - -2?
153374819
In base 11, what is 2 - -22300135?
22300137
In base 15, what is 1 - -2133571?
2133572
In base 15, what is 0 - 11eee52?
-11eee52
In base 12, what is 4 - -13a8943?
13a8947
In base 3, what is 1021202101021121 + -121?
1021202101021000
In base 5, what is -11 - 22413314241?
-22413314302
In base 15, what is 56 + 2b9d?
2c04
In base 8, what is 3 - 110627346?
-110627343
In base 6, what is -23023043 - -21?
-23023022
In base 13, what is -1a3b06a + 52?
-1a3b018
In base 13, what is aa20 + 6939?
14659
In base 4, what is 10332131131323 + -10?
10332131131313
In base 9, what is -1158 - -314?
-744
In base 10, what is 35736 + 203?
35939
In base 16, what is 2 + 31f244?
31f246
In base 4, what is 3030120002 + 3322?
3030123330
In base 7, what is -1040 - -11504?
10434
In base 10, what is 939 - 3670?
-2731
In base 8, what is -175612 + -1533?
-177345
In base 9, what is -4534 + 233?
-4301
In base 11, what is 2a - -a5112?
a5141
In base 8, what is 6172 + -2640?
3332
In base 14, what is -191 + -1a4130?
-1a42c1
In base 15, what is -6 + -38d85b?
-38d862
In base 3, what is 1112 + -122102011220?
-122102010101
In base 9, what is 372765600 - 5?
372765584
In base 5, what is -1404230 + -42213?
-2001443
In base 15, what is -2c0aa + -a1?
-2c15b
In base 7, what is 154445240 + -4?
154445233
In base 12, what is -176 - -2b1a21?
2b1867
In base 16, what is -1bf783 - -10?
-1bf773
In base 4, what is -2013 + -1200313231?
-1200321310
In base 13, what is 3726 + 2988?
63b1
In base 9, what is -20 - -543603?
543573
In base 3, what is 10 + 2022221102120002?
2022221102120012
In base 12, what is -8 + 4ba1?
4b95
In base 7, what is -1 + 36266030?
36266026
In base 6, what is 0 + 13013033143?
13013033143
In base 7, what is 3610430123 + -5?
3610430115
In base 3, what is -1102210022221002 + -11?
-1102210022221020
In base 8, what is -23467252 - -47?
-23467203
In base 2, what is -10000101 + -1010101011011010101?
-1010101011101011010
In base 2, what is -101 - -10111100010001100110101?
10111100010001100110000
In base 15, what is -a + 10add2?
10adc7
In base 7, what is 0 - -321045101?
321045101
In base 8, what is -34165 - 215052?
-251237
In base 15, what is 0 + 1668c?
1668c
In base 2, what is 11000011101 + -1001000010111000?
-1000101010011011
In base 2, what is -1000111101010101101001 + -111?
-1000111101010101110000
In base 14, what is 1 - 10014a8?
-10014a7
In base 16, what is a5d + -9e23?
-93c6
In base 16, what is -16a8 + -17ce2?
-1938a
In base 7, what is -66152 + 463?
-65356
In base 9, what is -2 - 8145617?
-8145620
In base 2, what is 1100011000 + -100011110010101?
-100010001111101
In base 7, what is -2 + -25063523?
-25063525
In base 10, what is 663 + 21461?
22124
In base 5, what is 2044333022 + -13?
2044333004
In base 7, what is 6 - 6635613?
-6635604
In base 2, what is -1110101001010000110 + -1011111110?
-1110101010110000100
In base 15, what is -128dc + -48?
-12935
In base 8, what is 36 - -15560726?
15560764
In base 8, what is -2 + 45412336?
45412334
In base 6, what is 1313 + -10313555?
-10312242
In base 2, what is 10100000011010101011011110 + -100?
10100000011010101011011010
In base 11, what is 186 - -237304?
23748a
In base 13, what is 2b58 + 2a49c?
30327
In base 7, what is -2551140213 + 5?
-2551140205
In base 14, what is 9 + c1715?
c1720
In base 12, what is b - -234336b9?
23433708
In base 9, what is -11 - 73153?
-73164
In base 10, what is 1685 - -51160?
52845
In base 8, what is 1 - 535772316?
-535772315
In base 8, what is -426 + 1077677?
1077251
In base 16, what is -f6213 - 15?
-f6228
In base 7, what is -5 + 4045230530?
4045230522
In base 13, what is -85619 + 43?
-855a6
In base 7, what is 501525 + 55?
501613
In base 3, what is -12202011101102210010 + 2?
-12202011101102210001
In base 15, what is -1 + -90ec8b7?
-90ec8b8
In base 9, what is 17275060 + -17?
17275042
In base 11, what is 71511400 - 2?
715113a9
In base 5, what is -20421013443 + -20?
-20421014013
In